{"id":30,"date":"2023-07-13T18:54:47","date_gmt":"2023-07-13T18:54:47","guid":{"rendered":"https:\/\/www.rcrapperswil.ch\/?page_id=30"},"modified":"2023-07-13T19:32:41","modified_gmt":"2023-07-13T19:32:41","slug":"sponsoren","status":"publish","type":"page","link":"https:\/\/www.rcrapperswil.ch\/?page_id=30","title":{"rendered":"Sponsoren"},"content":{"rendered":"\n<div class=\"wp-block-columns is-layout-flex wp-container-core-columns-is-layout-28f84493 wp-block-columns-is-layout-flex\">\n<div class=\"wp-block-column is-layout-flow wp-block-column-is-layout-flow\">\n<div class=\"wp-block-media-text alignwide is-stacked-on-mobile\"><figure class=\"wp-block-media-text__media\"><a href=\"https:\/\/www.ost.ch\/de\/\" target=\"_blank\" rel=\"noreferrer noopener\"><img loading=\"lazy\" decoding=\"async\" width=\"1024\" height=\"574\" src=\"http:\/\/www.rcrapperswil.ch\/wp-content\/uploads\/2023\/07\/OST_Logo_DE_RGB@2000ppi-1024x574.png\" alt=\"\" class=\"wp-image-10 size-full\" srcset=\"https:\/\/www.rcrapperswil.ch\/wp-content\/uploads\/2023\/07\/OST_Logo_DE_RGB@2000ppi-1024x574.png 1024w, https:\/\/www.rcrapperswil.ch\/wp-content\/uploads\/2023\/07\/OST_Logo_DE_RGB@2000ppi-300x168.png 300w, https:\/\/www.rcrapperswil.ch\/wp-content\/uploads\/2023\/07\/OST_Logo_DE_RGB@2000ppi-768x431.png 768w, https:\/\/www.rcrapperswil.ch\/wp-content\/uploads\/2023\/07\/OST_Logo_DE_RGB@2000ppi-1536x862.png 1536w, https:\/\/www.rcrapperswil.ch\/wp-content\/uploads\/2023\/07\/OST_Logo_DE_RGB@2000ppi-2048x1149.png 2048w\" sizes=\"auto, (max-width: 1024px) 100vw, 1024px\" \/><\/a><\/figure><div class=\"wp-block-media-text__content\">\n<h4 class=\"wp-block-heading\">Ostschweizer Fachhochschule<\/h4>\n\n\n\n<p>Hier treffen wir uns um an den Robotern zu bauen und diese zu testen. Dabei d\u00fcrfen wir R\u00e4umlichkeiten &amp; Infrastruktur der OST nutzen.<\/p>\n<\/div><\/div>\n\n\n\n<hr class=\"wp-block-separator has-alpha-channel-opacity is-style-wide\"\/>\n\n\n\n<div class=\"wp-block-media-text alignwide is-stacked-on-mobile\"><figure class=\"wp-block-media-text__media\"><a href=\"https:\/\/www.posic.com\/EN\/\" target=\"_blank\" rel=\"noreferrer noopener\"><img loading=\"lazy\" decoding=\"async\" width=\"400\" height=\"111\" src=\"http:\/\/www.rcrapperswil.ch\/wp-content\/uploads\/2023\/07\/Logo_POSIC_Web.png\" alt=\"\" class=\"wp-image-7 size-full\" srcset=\"https:\/\/www.rcrapperswil.ch\/wp-content\/uploads\/2023\/07\/Logo_POSIC_Web.png 400w, https:\/\/www.rcrapperswil.ch\/wp-content\/uploads\/2023\/07\/Logo_POSIC_Web-300x83.png 300w\" sizes=\"auto, (max-width: 400px) 100vw, 400px\" \/><\/a><\/figure><div class=\"wp-block-media-text__content\">\n<h4 class=\"wp-block-heading\">Induktive miniatur Encoder<\/h4>\n\n\n\n<p>Induktive Rotations-Encoder f\u00fcr das Navigationssystem der Roboter.<\/p>\n<\/div><\/div>\n\n\n\n<hr class=\"wp-block-separator has-alpha-channel-opacity is-style-wide\"\/>\n\n\n\n<div class=\"wp-block-media-text alignwide is-stacked-on-mobile\"><figure class=\"wp-block-media-text__media\"><a href=\"https:\/\/www.micronel.com\/en\/\" target=\"_blank\" rel=\"noreferrer noopener\"><img loading=\"lazy\" decoding=\"async\" width=\"600\" height=\"220\" src=\"http:\/\/www.rcrapperswil.ch\/wp-content\/uploads\/2023\/07\/micronel.jpg\" alt=\"\" class=\"wp-image-9 size-full\" srcset=\"https:\/\/www.rcrapperswil.ch\/wp-content\/uploads\/2023\/07\/micronel.jpg 600w, https:\/\/www.rcrapperswil.ch\/wp-content\/uploads\/2023\/07\/micronel-300x110.jpg 300w\" sizes=\"auto, (max-width: 600px) 100vw, 600px\" \/><\/a><\/figure><div class=\"wp-block-media-text__content\">\n<h4 class=\"wp-block-heading\">Minitur L\u00fcfter &amp; Gebl\u00e4se<\/h4>\n\n\n\n<p><\/p>\n<\/div><\/div>\n\n\n\n<hr class=\"wp-block-separator has-alpha-channel-opacity is-style-wide\"\/>\n\n\n\n<div class=\"wp-block-media-text alignwide is-stacked-on-mobile\"><figure class=\"wp-block-media-text__media\"><a href=\"https:\/\/www.zeintra.ch\/\" target=\"_blank\" rel=\"noreferrer noopener\"><img loading=\"lazy\" decoding=\"async\" width=\"629\" height=\"152\" src=\"http:\/\/www.rcrapperswil.ch\/wp-content\/uploads\/2023\/07\/Logo_zeintra.jpg\" alt=\"\" class=\"wp-image-8 size-full\" srcset=\"https:\/\/www.rcrapperswil.ch\/wp-content\/uploads\/2023\/07\/Logo_zeintra.jpg 629w, https:\/\/www.rcrapperswil.ch\/wp-content\/uploads\/2023\/07\/Logo_zeintra-300x72.jpg 300w\" sizes=\"auto, (max-width: 629px) 100vw, 629px\" \/><\/a><\/figure><div class=\"wp-block-media-text__content\">\n<h4 class=\"wp-block-heading\">B\u00fcrsten in allen Formen<\/h4>\n\n\n\n<p><\/p>\n<\/div><\/div>\n\n\n\n<hr class=\"wp-block-separator has-alpha-channel-opacity is-style-wide\"\/>\n\n\n\n<div class=\"wp-block-media-text alignwide is-stacked-on-mobile\"><figure class=\"wp-block-media-text__media\"><a href=\"https:\/\/www.variosystems.com\/\" target=\"_blank\" rel=\"noreferrer noopener\"><img loading=\"lazy\" decoding=\"async\" width=\"647\" height=\"60\" src=\"http:\/\/www.rcrapperswil.ch\/wp-content\/uploads\/2023\/07\/variosystems-new.jpg\" alt=\"\" class=\"wp-image-11 size-full\" srcset=\"https:\/\/www.rcrapperswil.ch\/wp-content\/uploads\/2023\/07\/variosystems-new.jpg 647w, https:\/\/www.rcrapperswil.ch\/wp-content\/uploads\/2023\/07\/variosystems-new-300x28.jpg 300w\" sizes=\"auto, (max-width: 647px) 100vw, 647px\" \/><\/a><\/figure><div class=\"wp-block-media-text__content\">\n<h4 class=\"wp-block-heading\">Elektronikdienstleistungen<\/h4>\n\n\n\n<p>Unterst\u00fczungen f\u00fcr die Reise nach Frankreich.<\/p>\n<\/div><\/div>\n<\/div>\n<\/div>\n","protected":false},"excerpt":{"rendered":"<p>Ostschweizer Fachhochschule Hier treffen wir uns um an den Robotern zu bauen und diese zu testen. Dabei d\u00fcrfen wir R\u00e4umlichkeiten &amp; Infrastruktur der OST nutzen. Induktive miniatur Encoder Induktive Rotations-Encoder f\u00fcr das Navigationssystem der Roboter. Minitur L\u00fcfter &amp; Gebl\u00e4se B\u00fcrsten in allen Formen Elektronikdienstleistungen Unterst\u00fczungen f\u00fcr die Reise nach Frankreich.<\/p>\n","protected":false},"author":1,"featured_media":0,"parent":0,"menu_order":0,"comment_status":"closed","ping_status":"closed","template":"","meta":{"footnotes":""},"class_list":["post-30","page","type-page","status-publish","hentry"],"_links":{"self":[{"href":"https:\/\/www.rcrapperswil.ch\/index.php?rest_route=\/wp\/v2\/pages\/30","targetHints":{"allow":["GET"]}}],"collection":[{"href":"https:\/\/www.rcrapperswil.ch\/index.php?rest_route=\/wp\/v2\/pages"}],"about":[{"href":"https:\/\/www.rcrapperswil.ch\/index.php?rest_route=\/wp\/v2\/types\/page"}],"author":[{"embeddable":true,"href":"https:\/\/www.rcrapperswil.ch\/index.php?rest_route=\/wp\/v2\/users\/1"}],"replies":[{"embeddable":true,"href":"https:\/\/www.rcrapperswil.ch\/index.php?rest_route=%2Fwp%2Fv2%2Fcomments&post=30"}],"version-history":[{"count":6,"href":"https:\/\/www.rcrapperswil.ch\/index.php?rest_route=\/wp\/v2\/pages\/30\/revisions"}],"predecessor-version":[{"id":44,"href":"https:\/\/www.rcrapperswil.ch\/index.php?rest_route=\/wp\/v2\/pages\/30\/revisions\/44"}],"wp:attachment":[{"href":"https:\/\/www.rcrapperswil.ch\/index.php?rest_route=%2Fwp%2Fv2%2Fmedia&parent=30"}],"curies":[{"name":"wp","href":"https:\/\/api.w.org\/{rel}","templated":true}]}}